6). Suppose g = -2*g + r. What are the prime factors of g?
2
Let g = 25 - 69. Let q be (g/(-10))/((-1)/5). What are the prime factors of (-158)/q - (-2)/(-11)?
7
Let i be (0 + -6)*(-2)/(-6). Let m be 40*((-24)/15 - i). Suppose m = 4*r - 36. What are the prime factors of r?
13
Let a = 308 + -73. List the prime factors of a.
5, 47
Let f(p) = 4*p**2 - 4*p - 3. What are the prime factors of f(-3)?
3, 5
Suppose 0 = 2*v - v - 5. Suppose 5*u - g = g + 37, -g + 34 = v*u. What are the prime factors of u?
7
Let c = -7 + 1. Let h = c + 10. Suppose 9 + 17 = 2*m + h*a, -3*m + 5*a + 17 = 0. List the prime factors of m.
3
Let o(p) = p**3 - 8*p**2 + p - 3. Suppose 4*z - 31 = 1. Let x be o(z). Suppose 40 = -0*c + 4*c + 2*u, -x*u = -c + 32. List the prime factors of c.
2, 3
Let b = 408 + -132. What are the prime factors of b?
2, 3, 23
Suppose -4*z = -21 - 31. List the prime factors of z.
13
Let s(b) = b**3 - 5*b**2 - 4*b + 3. Let t(i) = i + 12. Let z be t(-6). List the prime factors of s(z).
3, 5
Let w(z) = 0*z + 6 + 0*z + z. Let x = 31 + -25. What are the prime factors of w(x)?
2, 3
Let m = 18 + -13. Suppose -9*t + m*t = -16. What are the prime factors of t?
2
Let j(i) = i - 2. Let k be j(10). Suppose 4*y = k + 4. Suppose c - 1 + 12 = y*x, -2 = -x + 2*c. What are the prime factors of x?
2
Suppose 0 = m - 41 - 29. Suppose 10 - m = -5*p. List the prime factors of p.
2, 3
Suppose 2*z + 4 = 6*z. Let o = z + 1. List the prime factors of o.
2
Suppose -f + 5*p = -12, 5*f = -4*p - 67 + 185. What are the prime factors of f?
2, 11
Let c be (2/3)/((-12)/(-54)). Suppose -4*i = -2*n - 4, 6 = 5*i + n - c*n. List the prime factors of i.
2
Let a be (-18)/12*4/(-3). Suppose 2*h - 20 = -a*h. Suppose -y + 2 = -h. List the prime factors of y.
7
Let h(r) = 2*r - 11. Let i be h(12). Let k = -6 + i. What are the prime factors of k?
7
Let n(s) = -s**2 + 8*s - 5. Let a be n(7). Suppose 4*h - 56 = 5*m, 26 = a*h + m - 4*m. What are the prime factors of h?
19
Suppose l = 2*r + 2*r - 18, 2 = -4*l + 2*r. Suppose -l*y - y + 18 = 2*v, -y - 2*v + 2 = 0. What are the prime factors of y?
2
Let o(l) = 9*l + 8. Let b(z) = 14*z + 12. Let q(v) = 5*b(v) - 8*o(v). Let w(d) = d**2 + 14*d - 4. Let g be w(-14). What are the prime factors of q(g)?
2
What are the prime factors of (-1)/(((30/(-597))/(-5))/(-2))?
199
Suppose -2*g = -3*w + 66, 12 = w - 2*g - 2*g. Let j = 16 + w. What are the prime factors of j?
2, 5
Let g = -41 - -85. What are the prime factors of g?
2, 11
Let y be 4/(-2) + 2 + -1. Let j(s) = -44*s. Let w(i) = 22*i. Let u(a) = 6*j(a) + 11*w(a). List the prime factors of u(y).
2, 11
Suppose -5*h + 203 = -62. Suppose 175 = -5*b + 5*v, -v + 183 = -4*b - b. Let k = h + b. List the prime factors of k.
2
Let x be (-2)/(-4) - (-58)/4. Let g be (-2*(-145)/(-40))/((-2)/8). Let t = g - x. List the prime factors of t.
2, 7
Let f(p) = 19*p**2 - 4*p + 3. Let n(m) = 13*m**2 - 3*m + 2. Let v(s) = 5*f(s) - 7*n(s). What are the prime factors of v(2)?
19
What are the prime factors of (-40)/(-6)*(-24)/(-16)?
2, 5
Suppose -b + 57 + 2 = 0. What are the prime factors of b?
59
Let p be ((-3)/((-3)/19))/1. Suppose -h = 3*n - 99, -49 = -2*n - 0*n + 5*h. Let b = n - p. What are the prime factors of b?
13
Suppose p + 2*l = -2*p + 104, -3*p + 112 = 4*l. What are the prime factors of p?
2
Suppose 53 = -2*x - 5*c, -2*x - 60 = -c - c. Let m = 48 + x. What are the prime factors of m?
19
Suppose i + 0*i - 10 = 0. Let n(w) = -w**2 + 9*w + 14. List the prime factors of n(i).
2
Suppose -2*f = 5*h + 3*f - 15, -2*h + 2*f - 2 = 0. Suppose -4*x = 5*w + x - 95, -w = -3*x + h. List the prime factors of w.
2, 7
Let h = 3 + 0. Suppose -2*o = h*o + 15. Let c(q) = -q**2 - 5*q - 2. What are the prime factors of c(o)?
2
Let x(g) = -g**2 + 7*g - 5. Let p be x(5). Suppose 4 = -w, -10 = -p*b - 2*w + 57. List the prime factors of b.
3, 5
Let h(j) = 2*j + 8. Let o be h(-7). Let k = -6 - o. Suppose 2 = s - k. What are the prime factors of s?
2
Suppose -m - 4*g + 48 = 0, -m + 6*m - 4*g = 360. What are the prime factors of m?
2, 17
Let c be 60/(-35)*(-21)/2. Suppose 4*v + 4*m = 20, -m + 13 = 5*v - 2*m. List the prime factors of (-12)/c - (-38)/v.
2, 3
Let n(v) = -v + 11. Let o be n(9). Suppose -21 = -3*p + 3*b, 5*p + 7*b = o*b + 15. Suppose -3*y + p = -10. What are the prime factors of y?
5
Suppose -125 = -2*k - 29. What are the prime factors of k?
2, 3
List the prime factors of 38*2/(-6)*-3.
2, 19
Suppose 12 = 2*s + 3*o, -2*s = 4*o - 6*o - 32. Let f = 10 + -5. Suppose 3*l + 3*k = s, -5*l = -l - f*k - 52. What are the prime factors of l?
2
Let v(o) = o**2 - 3*o - 2. Suppose -4*d - 9 + 1 = 0. What are the prime factors of v(d)?
2
Let x = 5 - 13. What are the prime factors of (36/x)/((-6)/8)?
2, 3
Let r(s) = s. Let g be r(2). Let d be 1/(3/18*g). What are the prime factors of (0 + d)*-1 - -15?
2, 3
Let v be (-9)/2*2*-23. Let k = -22 - -30. List the prime factors of (-2)/k - v/(-12).
17
Suppose 4 = f - 93. What are the prime factors of f?
97
Let g be (2 - (-3)/(-2))*36. Suppose 5*t - 63 = -b, 2*t - g = 5*b + 18. List the prime factors of t.
13
Suppose -340 = 11*d - 16*d. What are the prime factors of d?
2, 17
Let z = -7 + 4. What are the prime factors of (-1 - -22) + (-3)/z?
2, 11
Let o(m) = 3*m**2 + 3*m - 1. What are the prime factors of o(-4)?
5, 7
Let l = 89 - 13. What are the prime factors of l?
2, 19
Let x(h) = h - 8. Let z be x(11). Suppose 3*v - 2*r = -29, 40 + 7 = -5*v + z*r. Let q = 5 - v. What are the prime factors of q?
2, 3
Let b(p) be the third derivative of -p**4/8 + p**3/6 + p**2. Suppose 6*i = 8*i + 2. List the prime factors of b(i).
2
Suppose 33*c - 27*c = 1422. List the prime factors of c.
3, 79
Let c = 44 - 26. Let d be 328/c - (-12)/(-54). Suppose -4*j = -j - d. What are the prime factors of j?
2, 3
Let j be 58/(8/2 - 2). Let u = j + -19. List the prime factors of u.
2, 5
Suppose 3*x - 2*x = 26. List the prime factors of x.
2, 13
What are the prime factors of (-248)/32*(0 + -4)?
31
Suppose 0*w - 2*w = 2. Let m = w + 5. Suppose -14 = -4*v + 2, -m*v = 4*u - 76. List the prime factors of u.
3, 5
Let g(p) = -p**3 + 5*p**2 + 2*p - 6. Let o be g(5). Let f(m) = -o*m**2 + 17*m**3 + 3*m**2 + 2*m**2. What are the prime factors of f(1)?
2, 3
Let o(m) be the second derivative of -m**3/3 - m**2/2 + m. Suppose 3*b + 2*f + 24 = -f, 8 = -2*b + 2*f. What are the prime factors of o(b)?
11
What are the prime factors of -3 + (0 - 4) + 63?
2, 7
Suppose -2*z - 70 = -5*l, 0*z - 4*z = l + 8. Suppose 72 = 3*v + l. What are the prime factors of v?
2, 5
Suppose 19*o - 14*o = 1165. List the prime factors of o.
233
Let z be ((-12)/9)/(1/(-3)). Suppose -10 + 34 = z*a. What are the prime factors of a?
2, 3
Suppose 2*m - 3*c + 2*c - 7 = 0, 5*m - 19 = 4*c. Suppose -4*f = v - 143, -4*f - m*v = -133 - 16. List the prime factors of f.
5, 7
Suppose s + z = 29, -s - z + 31 = -2*z. List the prime factors of s.
2, 3, 5
Let r = -13 + 35. Suppose -g + r = g. Suppose -g - 9 = -h + 5*i, -4*i = 2*h - 12. What are the prime factors of h?
2, 5
Let v(x) = -x**3 + 2*x**2 - 4*x. Let o(u) = u**3 - 3*u**2 + 5*u. Let y(n) = 5*o(n) + 6*v(n). Let i be y(-2). Let m = 9 + i. List the prime factors of m.
3
Suppose -5*y + 5 = -5. Suppose -5*v = -5*t + 35, 10 + 29 = y*t + 3*v. Suppose -5*z - 4*h + 53 = 0, z - t - 1 = -2*h. List the prime factors of z.
3
Let g be (-174)/(-21) - 6/21. Suppose p = -o + 3 + 10, -2*o - g = 0. What are the prime factors of p?
17
Let o = 31 - -27. Suppose 4*i - o = 2*i. List the prime factors of i.
29
Let h = -167 + 317. List the prime factors of h.
2, 3, 5
Suppose g - 3*g - 6 = 0. What are the prime factors of (2/g)/(6/(-63))?
7
Let k(r) = -r. Let c(x) = -5*x + 5. Let u(o) = -c(o) + 6*k(o). Let z be u(-5). Suppose z*g = g - 4. List the prime factors of g.
2
Let v(a) = 6*a - 11. List the prime factors of v(7).
31
Suppose -4*n = 2*h - 18, 2*n + 5*h - 15 = -3*n. Suppose c = -v + n, 2*c = -3*c - 3*v + 30. Suppose -c + 91 = 5*a. List the prime factors of a.
17
Let z(b) = 33 + 6*b - 2*b**3 - b - 30 - 3*b**2. What are the prime factors of z(-3)?
3, 5
Suppose 2*j - j = -5*n - 42, j - n = -42. Let h = -14 - j. What are the prime factors of h?
2, 7
Suppose 1 = v - 4. Suppose 0 = v*h - 16 + 6. List the prime factors of (5/h)/(3/6).
5
Let v(x) = -6*x - 4. Let n be v(-